{"id":504,"date":"2024-03-03T23:51:51","date_gmt":"2024-03-03T23:51:51","guid":{"rendered":"https:\/\/portfolio.am3digitalmkt.com\/lojaam3\/?post_type=product&#038;p=504"},"modified":"2024-03-04T01:51:13","modified_gmt":"2024-03-04T01:51:13","slug":"conjunto-para-bebe-body-e-calca-jeans-bordado-urso-marinho","status":"publish","type":"product","link":"https:\/\/portfolio.am3digitalmkt.com\/lojaam3\/produto\/conjunto-para-bebe-body-e-calca-jeans-bordado-urso-marinho\/","title":{"rendered":"CONJUNTO PARA BEB\u00ca BODY E CAL\u00c7A JEANS BORDADO URSO MARINHO"},"content":{"rendered":"<h2>Conjunto Jeans para Beb\u00ea<\/h2>\n<p>A marca Era Uma Vez tem uma variedade de produtos confort\u00e1veis, pr\u00e1ticos e essenciais para o\u00a0<a class=\"legitRipple\" href=\"https:\/\/www.lojaeraumavez.com.br\/enxoval-de-bebe\"><strong>enxoval do beb\u00ea<\/strong><\/a>.<\/p>\n<p>Conjunto composto por body manga longa com bordado e cal\u00e7a jeans. Body manga longa produzido em tecido suedine 100% algod\u00e3o, modelagem de golinha americana, para facilitar a passagem da cabe\u00e7a do beb\u00ea e um lindo bordado elaborado super estiloso. A cal\u00e7a possui modelagem jogger, com el\u00e1stico na cintura e na barra da perna, super confort\u00e1vel produzida no tecido Jeans, super resistente e despojado. Possui cord\u00e3ozinho e recortes especiais.<\/p>\n","protected":false},"excerpt":{"rendered":"<p>Conjunto Jeans para Beb\u00ea A marca Era Uma Vez tem uma variedade de produtos confort\u00e1veis, pr\u00e1ticos e essenciais para o\u00a0enxoval do beb\u00ea. Conjunto composto por body manga longa com bordado e cal\u00e7a jeans. Body manga longa produzido em tecido suedine 100% algod\u00e3o, modelagem de golinha americana, para facilitar a passagem da cabe\u00e7a do beb\u00ea e [&hellip;]<\/p>\n","protected":false},"featured_media":511,"comment_status":"open","ping_status":"closed","template":"","meta":[],"product_cat":[19],"product_tag":[],"jetpack_sharing_enabled":true,"_links":{"self":[{"href":"https:\/\/portfolio.am3digitalmkt.com\/lojaam3\/wp-json\/wp\/v2\/product\/504"}],"collection":[{"href":"https:\/\/portfolio.am3digitalmkt.com\/lojaam3\/wp-json\/wp\/v2\/product"}],"about":[{"href":"https:\/\/portfolio.am3digitalmkt.com\/lojaam3\/wp-json\/wp\/v2\/types\/product"}],"replies":[{"embeddable":true,"href":"https:\/\/portfolio.am3digitalmkt.com\/lojaam3\/wp-json\/wp\/v2\/comments?post=504"}],"wp:featuredmedia":[{"embeddable":true,"href":"https:\/\/portfolio.am3digitalmkt.com\/lojaam3\/wp-json\/wp\/v2\/media\/511"}],"wp:attachment":[{"href":"https:\/\/portfolio.am3digitalmkt.com\/lojaam3\/wp-json\/wp\/v2\/media?parent=504"}],"wp:term":[{"taxonomy":"product_cat","embeddable":true,"href":"https:\/\/portfolio.am3digitalmkt.com\/lojaam3\/wp-json\/wp\/v2\/product_cat?post=504"},{"taxonomy":"product_tag","embeddable":true,"href":"https:\/\/portfolio.am3digitalmkt.com\/lojaam3\/wp-json\/wp\/v2\/product_tag?post=504"}],"curies":[{"name":"wp","href":"https:\/\/api.w.org\/{rel}","templated":true}]}}