{"id":16,"date":"2024-02-27T16:31:55","date_gmt":"2024-02-27T16:31:55","guid":{"rendered":"https:\/\/portfolio.am3digitalmkt.com\/lojaam3\/?post_type=product&#038;p=16"},"modified":"2024-03-04T01:56:55","modified_gmt":"2024-03-04T01:56:55","slug":"macacao-bebe-coala-e-coelho-com-ziper","status":"publish","type":"product","link":"https:\/\/portfolio.am3digitalmkt.com\/lojaam3\/produto\/macacao-bebe-coala-e-coelho-com-ziper\/","title":{"rendered":"Macac\u00e3o beb\u00ea manga longa com ziper"},"content":{"rendered":"<p>O Macac\u00e3o beb\u00ea coala e coelho com z\u00edper lil\u00e1s | Carter&#8217;s veio para deixar o seu nen\u00e9m ainda mais fofinha e confort\u00e1vel. A pe\u00e7a \u00e9 feita em algod\u00e3o, \u00e9 segura por conta de seu fechamento por z\u00edper com martingale, protegendo os dedinhos de seu beb\u00ea e seu charminho est\u00e1 na estampa de de cola e coelho. Uma verdadeira fofura! Aposte!<\/p>\n<p>Caracter\u00edsticas:<br \/>\nMarca: Carter&#8217;s<br \/>\nAlgod\u00e3o 100%<br \/>\nManga longa<br \/>\nFechamento por z\u00edper com martingale<br \/>\nCom pezinho<br \/>\nEstampa de bichinhos<\/p>\n","protected":false},"excerpt":{"rendered":"<p>O Macac\u00e3o beb\u00ea coala e coelho com z\u00edper lil\u00e1s | Carter&#8217;s veio para deixar o seu nen\u00e9m ainda mais fofinha e confort\u00e1vel. A pe\u00e7a \u00e9 feita em algod\u00e3o, \u00e9 segura por conta de seu fechamento por z\u00edper com martingale, protegendo os dedinhos de seu beb\u00ea e seu charminho est\u00e1 na estampa de de cola e [&hellip;]<\/p>\n","protected":false},"featured_media":512,"comment_status":"open","ping_status":"closed","template":"","meta":[],"product_cat":[17],"product_tag":[],"jetpack_sharing_enabled":true,"_links":{"self":[{"href":"https:\/\/portfolio.am3digitalmkt.com\/lojaam3\/wp-json\/wp\/v2\/product\/16"}],"collection":[{"href":"https:\/\/portfolio.am3digitalmkt.com\/lojaam3\/wp-json\/wp\/v2\/product"}],"about":[{"href":"https:\/\/portfolio.am3digitalmkt.com\/lojaam3\/wp-json\/wp\/v2\/types\/product"}],"replies":[{"embeddable":true,"href":"https:\/\/portfolio.am3digitalmkt.com\/lojaam3\/wp-json\/wp\/v2\/comments?post=16"}],"wp:featuredmedia":[{"embeddable":true,"href":"https:\/\/portfolio.am3digitalmkt.com\/lojaam3\/wp-json\/wp\/v2\/media\/512"}],"wp:attachment":[{"href":"https:\/\/portfolio.am3digitalmkt.com\/lojaam3\/wp-json\/wp\/v2\/media?parent=16"}],"wp:term":[{"taxonomy":"product_cat","embeddable":true,"href":"https:\/\/portfolio.am3digitalmkt.com\/lojaam3\/wp-json\/wp\/v2\/product_cat?post=16"},{"taxonomy":"product_tag","embeddable":true,"href":"https:\/\/portfolio.am3digitalmkt.com\/lojaam3\/wp-json\/wp\/v2\/product_tag?post=16"}],"curies":[{"name":"wp","href":"https:\/\/api.w.org\/{rel}","templated":true}]}}